ppose 0 = t*r - 27 - 339. What is the tens digit of r?
2
Suppose -6*b + 2*b = 5*p + 167, 2*p + 50 = 4*b. Let r = 28 + p. What is the tens digit of 2/7 + (3558/(-14))/r?
8
Let t = -235 - -234. Let k(l) = -218*l**3 - l**2 + 3*l + 2. What is the units digit of k(t)?
6
Suppose -2791*k = -2807*k + 6624. Let y(r) = -r**2 + 3*r + 3. Let m be y(3). Suppose o - 6*o + m*a = -520, 4*o = 2*a + k. What is the units digit of o?
1
Suppose -104900 = -2*r - 7*w, 0 = -22*r + 21*r - 2*w + 52444. What is the ten thousands digit of r?
5
Suppose 52*s = 50*s + 242. Suppose -3*h + s = -o + 711, -5*h = -4*o + 988. Let g = -132 - h. What is the units digit of g?
4
Suppose -5*u + 18*v = 13*v - 68545, -13699 = -u - v. What is the units digit of u?
4
Suppose -9*k + 14*k - 68299 = j, -2*j - 68303 = -5*k. What is the tens digit of k?
5
Suppose 35 = -5*o, -199*z - 3*o + 65458 = -198*z. What is the hundreds digit of z?
4
Suppose -3*g = 20 - 50. Suppose -40*x + 29*x + 55 = 0. Suppose x*y - 53 = 2*i, -y = -4*i - 15 - g. What is the units digit of y?
9
Suppose 7252 = y - 5*c, y - 7162 = 10*c + 13*c. What is the hundreds digit of y?
2
Suppose -5*t - 50 = 5*w, 8 = -8*t + 6*t + w. Let g(p) = 4*p**2 - 18*p - 116. What is the hundreds digit of g(t)?
1
Suppose 425 = d + 4*h, -d = d - 3*h - 839. Suppose d = 9*a - 326. Suppose f = a + 13. What is the tens digit of f?
9
Suppose 0 = -56*p - 876 - 3492. Let m = 152 + p. What is the tens digit of m?
7
Suppose 20*p = 8967 + 15213. Let l = p - 658. What is the hundreds digit of l?
5
Let r be 2770/90 + (-2)/(-9). Suppose 5*p - r = -0*a + 2*a, -2 = -p - a. What is the units digit of p/2*(58 - -8)?
5
Suppose 12 = -4*d - 5*n, 4*d + 3*n - 12 = 4*n. Suppose -302 = -d*b + 4*m, 4*b = -m - 4*m + 539. What is the hundreds digit of b?
1
Suppose m - 65874 = -2*o, -63*o + 3*m - 131748 = -67*o. What is the units digit of o?
7
Let c(h) = -5*h - 35. Let p be c(-5). What is the hundreds digit of ((1 + 0)*568)/(-9 - p)?
5
Suppose -6*u = -7486 + 2314. Suppose 2*a = 112 + u. Suppose -5*h + 808 = -2*d, 3*h + d = -0*h + a. What is the hundreds digit of h?
1
Suppose -v + 516 = -o, -2*o = -9*v + 4*v + 2571. Suppose 0 = 3*q - 3*l - 1647, -v - 36 = -q + 5*l. What is the tens digit of q?
4
Let k = -9 - -8. Let p be 2 + k + 1 - (-4 - -3). Suppose 0 = -4*j - 3*q + 102, -4*q = -4*j + p*j + 35. What is the tens digit of j?
2
Suppose -77*r + 50*r = -11664. What is the hundreds digit of (r/9)/(-8) - -1205?
1
Let k(f) = f**2 - 9*f + 17. Let u(l) = l**2 - 9*l + 18. Let j(q) = 4*k(q) - 3*u(q). Let s be j(7). Suppose 14*v - 10*v - 396 = s. What is the tens digit of v?
9
Suppose -185*r + 823178 = -509007. What is the hundreds digit of r?
2
Suppose -338*m + 166860 = -318*m. What is the hundreds digit of m?
3
What is the ten thousands digit of (72/(-28))/((-39)/(-39247)*(-4)/56)?
3
Suppose 0 = -5*v - 15, 2*v = 2*o + 8 - 34. Let d be 2*(-16 - o/2). Let n = d + 90. What is the tens digit of n?
4
Let v = 8480 - 2527. What is the thousands digit of v?
5
Suppose 3*y - 7688 - 6962 = 2*r, 4888 = y - 3*r. What is the thousands digit of y?
4
Suppose 119994 + 124881 = 15*a. What is the thousands digit of a?
6
Suppose 35*f = 30*f + 33915. What is the hundreds digit of f?
7
Suppose -5*i + 3593 = -1002. Let w = i + 730. What is the tens digit of w?
4
Let u be 1 - -2 - (-6)/(-4)*-8. What is the tens digit of -7*u/(-42)*1812/10?
5
Let v = -27 - -5. Let o = v - -22. Suppose o*p - 6*p + 894 = 0. What is the hundreds digit of p?
1
Let l = -35 - -105. Let q = l - -265. What is the tens digit of q?
3
Suppose 3*x + 10 + 8 = 0. What is the units digit of 5 + (-549)/x - (-2)/4?
7
What is the units digit of 5/(-10) + 669858/12 + 15?
6
Let k(u) = u**3 + 12*u**2 + 16*u - 100. Let s be k(-17). Let q = 3400 + s. What is the thousands digit of q?
1
Let j be (-6)/(-4)*288/27. Suppose j*o - 6*o - 4580 = 0. What is the hundreds digit of o?
4
Suppose -17*t = -12*t + j + 63, -4*j - 12 = 0. What is the units digit of 3/t - ((-3345)/20 - 2)?
9
Let q be (-9 - -4) + 5 - 1*-5. Let s(a) = 10*a**3 - 2*a**2 + a - 11. What is the hundreds digit of s(q)?
1
Let m(w) = w**3 + 6*w**2 - 2*w + 2405. Let h be m(0). Suppose 0 = -4*c + z + 3198, 4*c - 4*z - h = c. What is the tens digit of c?
9
What is the thousands digit of 89/2*(-580)/5*26/(-13)?
0
Let h = 2983 - -8260. What is the tens digit of h?
4
Let l(s) be the third derivative of -s**6/120 - 7*s**5/30 + 5*s**4/8 + 16*s**3/3 - 46*s**2 - s. What is the tens digit of l(-17)?
4
Suppose 4*c = -10*s + 11*s - 10, -2*c = 8. What is the units digit of (-254)/s + (-5)/15?
2
Let g(r) = 43*r + 55. Let l(k) = -41*k - 56. Let h(m) = 2*g(m) + 3*l(m). What is the hundreds digit of h(-15)?
4
Let g(q) be the second derivative of 3*q**5/20 - 5*q**3/3 + 9*q**2/2 - q. Let y = 1232 + -1229. What is the units digit of g(y)?
0
Suppose -112*z - 167*z + 8*z + 3137638 = 0. What is the tens digit of z?
7
Let c = 74 - 104. Let n = -26 - c. Suppose 5*z = 2*g - 225, 4*g = -n*z + 223 + 185. What is the tens digit of g?
0
Let q(h) = 7*h + 53. Let t be q(-7). Suppose -12 = -4*f, 3*z = 6*z - t*f - 999. What is the hundreds digit of z?
3
What is the hundreds digit of 72/8 + 6473 + -16?
4
Let j(h) = 3*h**2 - 7*h + 7. Let s be j(1). Suppose 0 = 4*c - 2*r - s*r - 58, c - 22 = 5*r. What is the units digit of c?
2
Let a = -5178 - -7642. Let r = a - 1388. What is the units digit of r?
6
Let l = 118 + -114. Suppose 203 = l*h - 3*h + 4*t, -2*h = -4*t - 430. What is the tens digit of h?
1
Suppose 22*r + 9*r - 375620 = 10237. What is the ten thousands digit of r?
1
Suppose 1849219 = 7*p + 19*p - 126235. What is the thousands digit of p?
5
Let i(s) = 2*s**2 + 7*s + 12. Let g be i(-9). Suppose -f = 3*c - 63 - g, 0 = 5*c - 4*f - 273. What is the tens digit of c?
5
Suppose 20*j - 38851 = 2276 + 4033. What is the thousands digit of j?
2
Suppose x - 1428 = 2*z - 8221, -z + 3393 = 3*x. Suppose -z + 24384 = 33*s. What is the hundreds digit of s?
6
Suppose -i = 2*i - 51. Suppose -4*z - 3*m + i = 0, 4*z + 10 = 6*z + 2*m. Suppose 5*u - 449 = 3*g, 5*u = z*g + 474 - 28. What is the tens digit of u?
8
Suppose f = -0*o + 5*o - 12269, 12257 = 5*o + 2*f. Suppose o = -3*w + 437. Let b = -375 - w. What is the units digit of b?
7
Let v = -178 + 180. Suppose 0 = -3*d - 5*c + 926, v*c + 309 = d + 4*c. What is the tens digit of d?
0
Let o(j) = -4*j - 7. Let i be o(-8). Suppose -4*m + 2*p = -i - 9, 5*p = -m + 36. What is the units digit of (18/99 + 9/m)*101?
1
Let s be (-30)/(-4) - 5*(-3)/30. Suppose -9*y - s = 28. What is the units digit of (-2754)/(-63) - y/14?
4
Let m = -703 + 5407. What is the tens digit of m?
0
Let z = 77 + -73. Suppose -972 = -8*n + z*n. Suppose -143 = -i - c, 4*c - 190 - n = -3*i. What is the units digit of i?
9
Let l(m) = m**3 + 6*m**2 + 8*m - 2. Let y be l(-6). Let c = y - -51. What is the units digit of c - (1 + 0) - (-73 - -5)?
8
Let a be 278 - (-3 + 1) - 5. Suppose a = c + 25. What is the units digit of c?
0
Suppose -40 - 23 = -21*n. Suppose -6*s = 5*h - 4*s - 435, -n*s - 155 = -2*h. What is the units digit of h?
5
Let t(m) = -2*m + 14. Let l be 46/10 + ((-36)/(-15))/6. Suppose -4*y = -3*x - 9 - 26, 8 = -2*x - l*y. What is the units digit of t(x)?
2
Let y(a) = -5*a**3 - 176*a**2 + 5*a + 143. What is the hundreds digit of y(-36)?
1
Let h = 8606 + -4357. What is the units digit of h?
9
Let j(h) = 2*h**2 - h**2 - 25 + 11*h + 7*h**2 + 0*h**3 - h**3. What is the units digit of j(7)?
1
Suppose -22*v + 9660 = 8*v. Suppose v = 3*w - 266. What is the hundreds digit of w?
1
Let b = 95 + -59. Suppose 0 = 2*l - 2*g - b, -2*g - 27 = -4*l - 7*g. Suppose 0 = 8*j - l*j + 415. What is the units digit of j?
3
Let k be 2/4 - (-100)/40. Suppose k*o - 4*i = -129, 2*o + 3*i = 5*i - 86. Let b = 64 + o. What is the tens digit of b?
2
Let j = 880 - 905. What is the units digit of ((-81)/6)/((200/192)/j)?
4
Suppose -5*f + 8*f + 17133 = 6*f. What is the tens digit of f?
1
Let q(f) = f + 11. Let z be q(-6). Suppose 4*g - 2*i - 26 = -4*i, -g + i + z = 0. Suppose 0 = 6*t + g*t - 84. What is the units digit of t?
7
Suppose 4536 = q - 2*m - 7310, -2*q + 9*m + 23692 = 0. What is the hundreds digit of q?
8
Suppose 39*n - 36*n - 6933 = 2*i, -5*n = 15. Let c = i + 5059. What is the hundreds digit of c?
5
Suppose -2*y + 7*y = -5*h + 855, -5*h + 3